 4307 = q*w - 3*n + 719. What are the prime factors of w?
2, 3, 5
Let s be ((-25)/(-10) - 3) + (-66)/(-4). Suppose 22*h - 26*h - s = 0. What are the prime factors of -117*(2/h)/(6/12)?
3, 13
Suppose 5*z - 6 = 4*v - 8, 5*v = 3*z - 4. What are the prime factors of (36/30)/(z/(-215))?
3, 43
Let b(k) = -147*k + 63. Let q(o) = 1176*o - 501. Let x(p) = -33*b(p) - 4*q(p). List the prime factors of x(6).
3, 269
Let d(l) = l**3 - 18*l**2 + 16*l + 22. Let h be d(17). Suppose 3*i - 782 = 2*f, 2*f - 467 + 1765 = h*i. List the prime factors of i.
2, 3, 43
Suppose -2*z + o = 2*z - 1066, -4*o + 1056 = 4*z. List the prime factors of z + 3 - (0 - 4).
3, 7, 13
Let k(l) = -l + 0*l**2 + 11*l**2 + 2 + 4*l**2 - 8. Let t be k(-4). Suppose 3*y + 367 = 3*s + y, t = 2*s + 2*y. List the prime factors of s.
11
Suppose -2*x + 8 = -0, -35 = -5*b - 5*x. Suppose a = -w + 1027, -9*w + 5119 = -4*w - b*a. What are the prime factors of w?
5, 41
Suppose 218*y = 225*y - 49980. Suppose 59*q = 44*q + y. List the prime factors of q.
2, 7, 17
Suppose 4*v + 64 - 52 = 0. List the prime factors of (-1882)/((v/2)/((-105)/(-140))).
941
Suppose 1 = 4*b - 3*x, 0*b + 4*x = b + 3. Suppose m = -0*m - b. What are the prime factors of ((-2)/(m*4))/(10/700)?
5, 7
What are the prime factors of ((2 + -44)/(-7) + -4930)/(-1)?
2, 1231
Let j be 1/(-4)*14 + (-1)/(-2). Let g be 3/9 + 7/j + 0. List the prime factors of (63/14)/(141/(-72) - g).
2, 3
Let w = 16245 + 14234. What are the prime factors of w?
29, 1051
Let q = 198 + -196. Suppose m - 4*h - 175 = 0, -80*m + 81*m = -q*h + 187. What are the prime factors of m?
3, 61
Suppose g + 0*o = o + 14, g - 4*o = 11. Let h = 183 + g. Let j = h - 84. What are the prime factors of j?
2, 3, 19
Let f = 8 + -10. List the prime factors of (3/6 + 0)/(f/(-144)).
2, 3
Let o be (-12)/2*(6 + 91/(-14)). Suppose o*g - 157 = 173. What are the prime factors of g?
2, 5, 11
Let z = 1389 - -5919. What are the prime factors of z?
2, 3, 7, 29
Let d(u) = 181*u**3 - u**2 - 3*u - 2. Suppose -11 + 7 = 4*b. Let o be d(b). Let i = o - -336. List the prime factors of i.
5, 31
Suppose 173*s = 174*s. What are the prime factors of 4/(8/294) + s/(-5)?
3, 7
Suppose -12*o + 58 - 34 = 0. What are the prime factors of (1 - o)/(3 - 2766/921)?
307
Suppose 12533631 = 117*q + 100*q - 76*q. What are the prime factors of q?
11, 8081
Let m = 914 + -912. Suppose -m*w + 7904 = 4*g, -10*g + w = -8*g - 3944. List the prime factors of g.
2, 3, 7, 47
Let h = -73313 - -121141. List the prime factors of h.
2, 11, 1087
Let s be 0 - 2/5 - 54/(-10). Suppose 0 = n + 7*g - s*g - 95, -2*g = -2. List the prime factors of n.
3, 31
Let z(b) = b**3 + 12*b**2 + 7. Let x be z(-12). Suppose x = 4*q - 1. Suppose 1 = q*k - 9. What are the prime factors of k?
5
Suppose x - 3*k + 387 = k, -3*k = -2*x - 799. Let t = 1315 + x. What are the prime factors of t?
2, 227
Let i be (-3)/(30/(-4)*(-11)/770). List the prime factors of ((-16)/i + 6/14)*1387.
19, 73
Let t = -97 - -97. Let m be (t - -1)*-3*22/3. List the prime factors of (-7)/((-2)/m*-1).
7, 11
Let p(m) = -7*m + 8. Let s be p(0). List the prime factors of ((-1138)/(-4))/(s/16).
569
Suppose -4*o - o = 4*a - 85414, 2*a = 5*o - 85408. List the prime factors of o/(-52)*(-1 - 1).
3, 73
Let v = 23 + -23. Suppose 2*s - 3*s + 4*g = -16, -5*s + 5*g + 65 = v. List the prime factors of ((-66)/s)/((-2)/4).
11
Suppose y = 2*y - 6106 + 447. List the prime factors of y.
5659
Let d = -28729 + 68559. List the prime factors of d.
2, 5, 7, 569
Let c be 396/(-8)*(0 - 8). Let q = 1889 + -1358. Suppose -5*d = 4*m - q, -d + 4*m = 3*d - c. List the prime factors of d.
103
Let d(v) = -v**3 + 11*v**2 - 20*v + 22. Let i be d(9). Suppose -270 = -b + 8*n - 4*n, -n = -i*b + 1035. List the prime factors of b.
2, 3, 43
List the prime factors of 96/120 - (4/10 + (-48176)/10).
2, 3, 11, 73
What are the prime factors of (-3 - -4908)*565/339?
3, 5, 109
Let q be (2 - 5)*-3*3/9. Suppose q*h = 2*r + 243 + 580, 2*h = 2*r + 546. What are the prime factors of h?
277
Suppose 0 = -51*g + 49*g - 3*o + 25971, 2*o + 51950 = 4*g. List the prime factors of g.
3, 13, 37
Suppose 120*l - 208*l = -1292104. List the prime factors of l.
14683
Let j = -13226 + 22453. What are the prime factors of j?
9227
Suppose 216*n + 88 = 224*n. Let b(p) = -p**3 + 17*p**2 - 23*p - 6. What are the prime factors of b(n)?
467
Suppose -5*w + 9*w - 2*o = -120, -156 = 5*w - 4*o. What are the prime factors of 4*21/w + 169?
2, 83
Let u = 40 + -45. Let l be 28 - (9 - 4)/u. Suppose -z + l + 10 = 0. What are the prime factors of z?
3, 13
Let y(j) = -69*j + 2527. List the prime factors of y(-87).
2, 5, 853
Let c(y) = -692*y + 1287. What are the prime factors of c(-7)?
6131
Let o(c) = -2*c**2 + 2*c + 2. Let m be o(0). Suppose -5*x = -2*f + 243, -6*x - 12 = -m*x. List the prime factors of f.
2, 3, 19
Let h be 6 + 78/(-12) - 69/6. What are the prime factors of (-9 - h)/((-12)/(-6064))?
2, 379
Let q(f) = -f - 8. Let d be q(-12). Let v be (5 - d) + -3 + 0 + 2. Suppose 7*p + 0*p - 126 = v. List the prime factors of p.
2, 3
Let v = 713 - -120. List the prime factors of v.
7, 17
Suppose 0 = 3*g - 5*s - 4190, 5*s - 7000 = -5*g + 10*s. List the prime factors of g.
5, 281
Let u(s) be the second derivative of s**4/2 + 5*s**3/6 - 19*s**2/2 - 83*s + 1. What are the prime factors of u(7)?
2, 5, 31
Let u = -20 - -24. Let h be -16*(2/(-1))/(u*1). Suppose 60 = 4*b + h. List the prime factors of b.
13
Let k be 12*32 - 13/(104/40). Let o = k + -31. List the prime factors of o.
2, 3, 29
Let b(s) = 2*s**3 + 159*s**2 + 29*s - 234. List the prime factors of b(-77).
2, 107, 127
Let z be -6*7/((-56)/(-20)). Let c = -13 - z. Suppose -6*p = c*p - 512. List the prime factors of p.
2
Suppose -2*k + 56 = 5*w, -5*w + 170 = 5*k - 0*w. Let j(m) = -12*m - 6. Let g be j(2). Let a = g + k. List the prime factors of a.
2
Suppose -5*r + 1402 = -8*r - y, 2*y = -2. Let w = r + 1781. List the prime factors of w.
2, 3, 73
Let p = 240 - 229. Suppose -1974 = -5*r + p*z - 8*z, -1978 = -5*r + z. List the prime factors of r.
2, 3, 11
List the prime factors of (260/182*-13979)/((-2)/5).
5, 1997
Let v = 31465 - 10805. List the prime factors of v.
2, 5, 1033
List the prime factors of 22 + (-290889)/(-63) + (-4)/14.
4639
Let q(u) = -u**3 - 16*u**2 + 9*u - 62. Let w be q(-18). Let n = w - -556. List the prime factors of n.
2, 5, 7
Let k(p) = 76*p - 65. Let t(d) = -19*d + 16. Let q(b) = 2*k(b) + 9*t(b). Let v(c) = -c**3 - 13*c**2 - 21*c + 6. Let i be v(-11). List the prime factors of q(i).
109
Suppose 31*f - 107109 = 10195. List the prime factors of f.
2, 11, 43
Suppose 780 - 102 = -q. Let o = q - -1174. What are the prime factors of o?
2, 31
Suppose 250105 + 836127 = 98*f. What are the prime factors of f?
2, 17, 163
Suppose -2*p = 5*x - 1163, 6*x + 5*p = 2*x + 927. Suppose 6*m - 385 = x. List the prime factors of m.
103
Let v = 4686 + 21586. List the prime factors of v.
2, 821
Let d(b) = b**2 + 128*b + 467. List the prime factors of d(69).
2, 5, 19, 37
Let v(m) = 42*m + 762. What are the prime factors of v(41)?
2, 3, 23
Let l be -91 - -15*1/3. Let b = l - -1388. List the prime factors of b.
2, 3, 7, 31
Suppose -343 = 4*d + 3*b, -5*d - 8*b - 425 = -3*b. Let t = d - -58. List the prime factors of (-938)/(-9) + t/135.
2, 13
Let t(s) = 50*s - 19*s - 8 - 28. Suppose -l - l - 7 = -v, 4*l = -2*v + 6. List the prime factors of t(v).
7, 17
Let z = 1137 - 52. Let r = 1534 - z. What are the prime factors of r?
449
Suppose -8*k + 11*k - 264 = 0. Let u = 146 - k. List the prime factors of (16/8)/(4/u).
29
Let s be 30/45*(-6)/4. Let j be (-3)/(3/7)*(3 + s). List the prime factors of 2/j + -831*6/(-63).
79
Let g(b) = b**3 + 76*b**2 - 803*b - 209. What are the prime factors of g(-85)?
3, 19, 53
Suppose -2*r + 2545 = 3*u + 292, 3*u + 5643 = 5*r. Suppose 3*f = -8*b + 5*b + 852, 4*b = -2*f + r. What are the prime factors of b?
2, 5, 7
Let w(g) be the first derivative of -3*g**4/4 - 8*g**3/3 - 3*g**2/2 + 2*g + 44. List the prime factors of w(-4).
2, 3, 13
Let t = 271 + -266. Suppose 3*m - 2803 = -2*c + 200, -5006 = -t*m - 3*c. List the prime factors of m.
17, 59
List the prime factors of (-1183419)/(-621) + (-8)/(-6).
1907
Let n be (-2 - (-8)/(-4))*(-120)/32. Suppose -4400 = -u - n*u. What are the prime factors of u?
5,